{"id":129,"date":"2019-11-18T21:39:12","date_gmt":"2019-11-18T20:39:12","guid":{"rendered":"http:\/\/fablorn.net\/?page_id=129"},"modified":"2022-03-01T15:34:06","modified_gmt":"2022-03-01T14:34:06","slug":"le-materiel-et-les-outils-a-votre-disposition","status":"publish","type":"page","link":"https:\/\/www.fablorn.net\/index.php\/le-materiel-et-les-outils-a-votre-disposition\/","title":{"rendered":"Le mat\u00e9riel et les outils \u00e0 votre disposition"},"content":{"rendered":"\t\t<div data-elementor-type=\"wp-page\" data-elementor-id=\"129\" class=\"elementor elementor-129\">\n\t\t\t\t\t\t<div class=\"elementor-inner\">\n\t\t\t\t<div class=\"elementor-section-wrap\">\n\t\t\t\t\t\t\t\t\t<section class=\"elementor-section elementor-top-section elementor-element elementor-element-1b373ad elementor-section-boxed elementor-section-height-default elementor-section-height-default\" data-id=\"1b373ad\" data-element_type=\"section\">\n\t\t\t\t\t\t<div class=\"elementor-container elementor-column-gap-default\">\n\t\t\t\t\t\t\t<div class=\"elementor-row\">\n\t\t\t\t\t<div class=\"elementor-column elementor-col-100 elementor-top-column elementor-element elementor-element-687bab3b\" data-id=\"687bab3b\" data-element_type=\"column\">\n\t\t\t<div class=\"elementor-column-wrap elementor-element-populated\">\n\t\t\t\t\t\t\t<div class=\"elementor-widget-wrap\">\n\t\t\t\t\t\t<div class=\"elementor-element elementor-element-83d4f9b elementor-widget elementor-widget-heading\" data-id=\"83d4f9b\" data-element_type=\"widget\" data-widget_type=\"heading.default\">\n\t\t\t\t<div class=\"elementor-widget-container\">\n\t\t\t<h2 class=\"elementor-heading-title elementor-size-default\">Le mat\u00e9riel et les outils \u00e0 \nvotre disposition<\/h2>\t\t<\/div>\n\t\t\t\t<\/div>\n\t\t\t\t<div class=\"elementor-element elementor-element-f7b5344 elementor-widget elementor-widget-image\" data-id=\"f7b5344\" data-element_type=\"widget\" data-widget_type=\"image.default\">\n\t\t\t\t<div class=\"elementor-widget-container\">\n\t\t\t\t\t\t\t\t<div class=\"elementor-image\">\n\t\t\t\t\t\t\t\t\t<figure class=\"wp-caption\">\n\t\t\t\t\t\t\t\t\t\t<img decoding=\"async\" width=\"1024\" height=\"421\" src=\"https:\/\/www.fablorn.net\/wp-content\/uploads\/2019\/11\/3D-1024x421.jpg\" class=\"attachment-large size-large wp-image-130\" alt=\"\" loading=\"lazy\" srcset=\"https:\/\/www.fablorn.net\/wp-content\/uploads\/2019\/11\/3D-1024x421.jpg 1024w, https:\/\/www.fablorn.net\/wp-content\/uploads\/2019\/11\/3D-300x123.jpg 300w, https:\/\/www.fablorn.net\/wp-content\/uploads\/2019\/11\/3D-768x316.jpg 768w, https:\/\/www.fablorn.net\/wp-content\/uploads\/2019\/11\/3D-1536x632.jpg 1536w, https:\/\/www.fablorn.net\/wp-content\/uploads\/2019\/11\/3D.jpg 1730w\" sizes=\"(max-width: 1024px) 100vw, 1024px\" \/>\t\t\t\t\t\t\t\t\t\t\t<figcaption class=\"widget-image-caption wp-caption-text\">Imprimante 3D Projet1000 r\u00e9sine, Ultimaker 2+, Creality Ender 3 et Cr10<\/figcaption>\n\t\t\t\t\t\t\t\t\t\t<\/figure>\n\t\t\t\t\t\t\t\t<\/div>\n\t\t\t\t\t\t<\/div>\n\t\t\t\t<\/div>\n\t\t\t\t<div class=\"elementor-element elementor-element-29bc00e elementor-widget elementor-widget-image\" data-id=\"29bc00e\" data-element_type=\"widget\" data-widget_type=\"image.default\">\n\t\t\t\t<div class=\"elementor-widget-container\">\n\t\t\t\t\t\t\t\t<div class=\"elementor-image\">\n\t\t\t\t\t\t\t\t\t<figure class=\"wp-caption\">\n\t\t\t\t\t\t\t\t\t\t<img decoding=\"async\" width=\"1024\" height=\"656\" src=\"https:\/\/www.fablorn.net\/wp-content\/uploads\/2019\/11\/decoupe_laser-1024x656.jpg\" class=\"attachment-large size-large wp-image-107\" alt=\"\" loading=\"lazy\" srcset=\"https:\/\/www.fablorn.net\/wp-content\/uploads\/2019\/11\/decoupe_laser-1024x656.jpg 1024w, https:\/\/www.fablorn.net\/wp-content\/uploads\/2019\/11\/decoupe_laser-300x192.jpg 300w, https:\/\/www.fablorn.net\/wp-content\/uploads\/2019\/11\/decoupe_laser-768x492.jpg 768w, https:\/\/www.fablorn.net\/wp-content\/uploads\/2019\/11\/decoupe_laser-1536x985.jpg 1536w, https:\/\/www.fablorn.net\/wp-content\/uploads\/2019\/11\/decoupe_laser-2048x1313.jpg 2048w\" sizes=\"(max-width: 1024px) 100vw, 1024px\" \/>\t\t\t\t\t\t\t\t\t\t\t<figcaption class=\"widget-image-caption wp-caption-text\">D\u00e9coupe laser 80W 700\u00d7500<\/figcaption>\n\t\t\t\t\t\t\t\t\t\t<\/figure>\n\t\t\t\t\t\t\t\t<\/div>\n\t\t\t\t\t\t<\/div>\n\t\t\t\t<\/div>\n\t\t\t\t<div class=\"elementor-element elementor-element-ca9422d elementor-widget elementor-widget-image\" data-id=\"ca9422d\" data-element_type=\"widget\" data-widget_type=\"image.default\">\n\t\t\t\t<div class=\"elementor-widget-container\">\n\t\t\t\t\t\t\t\t<div class=\"elementor-image\">\n\t\t\t\t\t\t\t\t\t<figure class=\"wp-caption\">\n\t\t\t\t\t\t\t\t\t\t<img decoding=\"async\" width=\"1024\" height=\"575\" src=\"https:\/\/www.fablorn.net\/wp-content\/uploads\/2019\/11\/pole_electronique-1024x575.jpg\" class=\"attachment-large size-large wp-image-103\" alt=\"\" loading=\"lazy\" srcset=\"https:\/\/www.fablorn.net\/wp-content\/uploads\/2019\/11\/pole_electronique-1024x575.jpg 1024w, https:\/\/www.fablorn.net\/wp-content\/uploads\/2019\/11\/pole_electronique-300x169.jpg 300w, https:\/\/www.fablorn.net\/wp-content\/uploads\/2019\/11\/pole_electronique-768x431.jpg 768w, https:\/\/www.fablorn.net\/wp-content\/uploads\/2019\/11\/pole_electronique-1536x863.jpg 1536w, https:\/\/www.fablorn.net\/wp-content\/uploads\/2019\/11\/pole_electronique-2048x1150.jpg 2048w\" sizes=\"(max-width: 1024px) 100vw, 1024px\" \/>\t\t\t\t\t\t\t\t\t\t\t<figcaption class=\"widget-image-caption wp-caption-text\">Atelier d\u2019\u00e9lectronique, d\u2019informatique et de m\u00e9canique<\/figcaption>\n\t\t\t\t\t\t\t\t\t\t<\/figure>\n\t\t\t\t\t\t\t\t<\/div>\n\t\t\t\t\t\t<\/div>\n\t\t\t\t<\/div>\n\t\t\t\t<div class=\"elementor-element elementor-element-5327779 elementor-widget elementor-widget-image\" data-id=\"5327779\" data-element_type=\"widget\" data-widget_type=\"image.default\">\n\t\t\t\t<div class=\"elementor-widget-container\">\n\t\t\t\t\t\t\t\t<div class=\"elementor-image\">\n\t\t\t\t\t\t\t\t\t<figure class=\"wp-caption\">\n\t\t\t\t\t\t\t\t\t\t<img decoding=\"async\" width=\"1024\" height=\"675\" src=\"https:\/\/www.fablorn.net\/wp-content\/uploads\/2019\/11\/robot-2-1024x675.jpg\" class=\"attachment-large size-large wp-image-190\" alt=\"\" loading=\"lazy\" srcset=\"https:\/\/www.fablorn.net\/wp-content\/uploads\/2019\/11\/robot-2-1024x675.jpg 1024w, https:\/\/www.fablorn.net\/wp-content\/uploads\/2019\/11\/robot-2-300x198.jpg 300w, https:\/\/www.fablorn.net\/wp-content\/uploads\/2019\/11\/robot-2-768x506.jpg 768w, https:\/\/www.fablorn.net\/wp-content\/uploads\/2019\/11\/robot-2-1536x1013.jpg 1536w, https:\/\/www.fablorn.net\/wp-content\/uploads\/2019\/11\/robot-2-2048x1350.jpg 2048w\" sizes=\"(max-width: 1024px) 100vw, 1024px\" \/>\t\t\t\t\t\t\t\t\t\t\t<figcaption class=\"widget-image-caption wp-caption-text\">Une petite collection de robots et leurs outils de d\u00e9veloppement<\/figcaption>\n\t\t\t\t\t\t\t\t\t\t<\/figure>\n\t\t\t\t\t\t\t\t<\/div>\n\t\t\t\t\t\t<\/div>\n\t\t\t\t<\/div>\n\t\t\t\t<div class=\"elementor-element elementor-element-c6b0039 elementor-widget elementor-widget-image\" data-id=\"c6b0039\" data-element_type=\"widget\" data-widget_type=\"image.default\">\n\t\t\t\t<div class=\"elementor-widget-container\">\n\t\t\t\t\t\t\t\t<div class=\"elementor-image\">\n\t\t\t\t\t\t\t\t\t<figure class=\"wp-caption\">\n\t\t\t\t\t\t\t\t\t\t<img decoding=\"async\" width=\"1009\" height=\"1024\" src=\"https:\/\/www.fablorn.net\/wp-content\/uploads\/2019\/11\/Cameo_Sawgrass-1009x1024.jpg\" class=\"attachment-large size-large wp-image-102\" alt=\"\" loading=\"lazy\" srcset=\"https:\/\/www.fablorn.net\/wp-content\/uploads\/2019\/11\/Cameo_Sawgrass-1009x1024.jpg 1009w, https:\/\/www.fablorn.net\/wp-content\/uploads\/2019\/11\/Cameo_Sawgrass-296x300.jpg 296w, https:\/\/www.fablorn.net\/wp-content\/uploads\/2019\/11\/Cameo_Sawgrass-768x780.jpg 768w, https:\/\/www.fablorn.net\/wp-content\/uploads\/2019\/11\/Cameo_Sawgrass-1513x1536.jpg 1513w, https:\/\/www.fablorn.net\/wp-content\/uploads\/2019\/11\/Cameo_Sawgrass-2017x2048.jpg 2017w, https:\/\/www.fablorn.net\/wp-content\/uploads\/2019\/11\/Cameo_Sawgrass-50x50.jpg 50w\" sizes=\"(max-width: 1009px) 100vw, 1009px\" \/>\t\t\t\t\t\t\t\t\t\t\t<figcaption class=\"widget-image-caption wp-caption-text\">Imprimante pour sublimation Sawgrass400\nMat\u00e9riaux souples : D\u00e9coupe vinyle, papier, tissu\navec la Silhouette Cam\u00e9o 4<\/figcaption>\n\t\t\t\t\t\t\t\t\t\t<\/figure>\n\t\t\t\t\t\t\t\t<\/div>\n\t\t\t\t\t\t<\/div>\n\t\t\t\t<\/div>\n\t\t\t\t<div class=\"elementor-element elementor-element-52cb107 elementor-widget elementor-widget-image\" data-id=\"52cb107\" data-element_type=\"widget\" data-widget_type=\"image.default\">\n\t\t\t\t<div class=\"elementor-widget-container\">\n\t\t\t\t\t\t\t\t<div class=\"elementor-image\">\n\t\t\t\t\t\t\t\t\t<figure class=\"wp-caption\">\n\t\t\t\t\t\t\t\t\t\t<img decoding=\"async\" width=\"575\" height=\"1024\" src=\"https:\/\/www.fablorn.net\/wp-content\/uploads\/2019\/11\/machine-575x1024.jpg\" class=\"attachment-large size-large wp-image-170\" alt=\"\" loading=\"lazy\" srcset=\"https:\/\/www.fablorn.net\/wp-content\/uploads\/2019\/11\/machine-575x1024.jpg 575w, https:\/\/www.fablorn.net\/wp-content\/uploads\/2019\/11\/machine-168x300.jpg 168w, https:\/\/www.fablorn.net\/wp-content\/uploads\/2019\/11\/machine-768x1368.jpg 768w, https:\/\/www.fablorn.net\/wp-content\/uploads\/2019\/11\/machine-863x1536.jpg 863w, https:\/\/www.fablorn.net\/wp-content\/uploads\/2019\/11\/machine-1150x2048.jpg 1150w, https:\/\/www.fablorn.net\/wp-content\/uploads\/2019\/11\/machine-scaled.jpg 1438w\" sizes=\"(max-width: 575px) 100vw, 575px\" \/>\t\t\t\t\t\t\t\t\t\t\t<figcaption class=\"widget-image-caption wp-caption-text\">CNC fraiseuse num\u00e9rique Isel ICP 4030<\/figcaption>\n\t\t\t\t\t\t\t\t\t\t<\/figure>\n\t\t\t\t\t\t\t\t<\/div>\n\t\t\t\t\t\t<\/div>\n\t\t\t\t<\/div>\n\t\t\t\t<div class=\"elementor-element elementor-element-3f3303d elementor-widget elementor-widget-image\" data-id=\"3f3303d\" data-element_type=\"widget\" data-widget_type=\"image.default\">\n\t\t\t\t<div class=\"elementor-widget-container\">\n\t\t\t\t\t\t\t\t<div class=\"elementor-image\">\n\t\t\t\t\t\t\t\t\t<figure class=\"wp-caption\">\n\t\t\t\t\t\t\t\t\t\t<img decoding=\"async\" width=\"1024\" height=\"620\" src=\"https:\/\/www.fablorn.net\/wp-content\/uploads\/2019\/11\/presse-1024x620.jpg\" class=\"attachment-large size-large wp-image-106\" alt=\"\" loading=\"lazy\" srcset=\"https:\/\/www.fablorn.net\/wp-content\/uploads\/2019\/11\/presse-1024x620.jpg 1024w, https:\/\/www.fablorn.net\/wp-content\/uploads\/2019\/11\/presse-300x182.jpg 300w, https:\/\/www.fablorn.net\/wp-content\/uploads\/2019\/11\/presse-768x465.jpg 768w, https:\/\/www.fablorn.net\/wp-content\/uploads\/2019\/11\/presse-1536x930.jpg 1536w, https:\/\/www.fablorn.net\/wp-content\/uploads\/2019\/11\/presse-2048x1240.jpg 2048w\" sizes=\"(max-width: 1024px) 100vw, 1024px\" \/>\t\t\t\t\t\t\t\t\t\t\t<figcaption class=\"widget-image-caption wp-caption-text\">Presse \u00e0 chaud pour Mug, tissu, casquette \u2026<\/figcaption>\n\t\t\t\t\t\t\t\t\t\t<\/figure>\n\t\t\t\t\t\t\t\t<\/div>\n\t\t\t\t\t\t<\/div>\n\t\t\t\t<\/div>\n\t\t\t\t<div class=\"elementor-element elementor-element-fbf6f6e elementor-widget elementor-widget-image\" data-id=\"fbf6f6e\" data-element_type=\"widget\" data-widget_type=\"image.default\">\n\t\t\t\t<div class=\"elementor-widget-container\">\n\t\t\t\t\t\t\t\t<div class=\"elementor-image\">\n\t\t\t\t\t\t\t\t\t<figure class=\"wp-caption\">\n\t\t\t\t\t\t\t\t\t\t<img decoding=\"async\" width=\"1329\" height=\"1536\" src=\"https:\/\/www.fablorn.net\/wp-content\/uploads\/2020\/05\/sableuse--1329x1536.jpg\" class=\"attachment-1536x1536 size-1536x1536 wp-image-644\" alt=\"\" loading=\"lazy\" srcset=\"https:\/\/www.fablorn.net\/wp-content\/uploads\/2020\/05\/sableuse--1329x1536.jpg 1329w, https:\/\/www.fablorn.net\/wp-content\/uploads\/2020\/05\/sableuse--260x300.jpg 260w, https:\/\/www.fablorn.net\/wp-content\/uploads\/2020\/05\/sableuse--886x1024.jpg 886w, https:\/\/www.fablorn.net\/wp-content\/uploads\/2020\/05\/sableuse--768x888.jpg 768w, https:\/\/www.fablorn.net\/wp-content\/uploads\/2020\/05\/sableuse--1772x2048.jpg 1772w\" sizes=\"(max-width: 1329px) 100vw, 1329px\" \/>\t\t\t\t\t\t\t\t\t\t\t<figcaption class=\"widget-image-caption wp-caption-text\">Cabine de sablage<\/figcaption>\n\t\t\t\t\t\t\t\t\t\t<\/figure>\n\t\t\t\t\t\t\t\t<\/div>\n\t\t\t\t\t\t<\/div>\n\t\t\t\t<\/div>\n\t\t\t\t\t\t<\/div>\n\t\t\t\t\t<\/div>\n\t\t<\/div>\n\t\t\t\t\t\t\t\t<\/div>\n\t\t\t\t\t<\/div>\n\t\t<\/section>\n\t\t\t\t\t\t\t\t\t<\/div>\n\t\t\t<\/div>\n\t\t\t\t\t<\/div>\n\t\t","protected":false},"excerpt":{"rendered":"<p>Le mat\u00e9riel et les outils \u00e0 votre disposition Imprimante 3D Projet1000 r\u00e9sine, Ultimaker 2+, Creality Ender 3 et Cr10 D\u00e9coupe laser 80W 700\u00d7500 Atelier d\u2019\u00e9lectronique, d\u2019informatique et de m\u00e9canique Une petite collection de robots et leurs outils de d\u00e9veloppement Imprimante pour sublimation Sawgrass400 Mat\u00e9riaux souples : D\u00e9coupe vinyle, papier, tissu avec la Silhouette Cam\u00e9o 4 [&hellip;]<\/p>\n","protected":false},"author":1,"featured_media":0,"parent":0,"menu_order":0,"comment_status":"closed","ping_status":"closed","template":"","meta":[],"_wp_attached_file":null,"_wp_attachment_metadata":null,"_wp_attachment_context":null,"_wp_attachment_custom_header_last_used_twentyseventeen":null,"_wp_attachment_is_custom_header":null,"_wp_attachment_backup_sizes":null,"_wp_attachment_image_alt":null,"_oembed_e49fa112b0d6a49b06318866150db97b":null,"_menu_item_type":null,"_menu_item_menu_item_parent":null,"_menu_item_object_id":null,"_menu_item_object":null,"_menu_item_target":null,"_menu_item_classes":null,"_menu_item_xfn":null,"_menu_item_url":null,"_menu_item_template":null,"_menu_item_mega_template":null,"_menu_item_nolink":null,"_menu_item_category_post":null,"_menu_item_megamenu":null,"_menu_item_megamenu_auto_width":null,"_menu_item_megamenu_col":null,"_menu_item_megamenu_heading":null,"_menu_item_megamenu_widgetarea":null,"_menu_item_icon":null,"_oembed_6152ab67c9385ab8ed6fae445b4ae2dd":null,"_oembed_fbac3e1c93a06513a42cb2d1390ec2a9":null,"ocean_post_layout":null,"_thumbnail_id":null,"ocean_gallery_link_images":null,"ocean_link_format_target":null,"ocean_quote_format_link":null,"enclosure":null,"_wp_old_date":null,"_oembed_4ffd94412871a99e71ea5cbba3338a81":null,"_oembed_8887e99e9aa5ab548c404df5dbdd2a0d":null,"_oembed_69d74c0e4773458865776f7b71bfd527":null,"_form":null,"_mail":null,"_mail_2":null,"_messages":null,"_additional_settings":null,"_locale":null,"_edit_lock":"1646145248:2","_edit_last":"2","_elementor_edit_mode":"builder","_elementor_template_type":"wp-page","_elementor_version":"2.9.7","_wp_page_template":"default","_elementor_data":"[{\"id\":\"1b373ad\",\"elType\":\"section\",\"settings\":[],\"elements\":[{\"id\":\"687bab3b\",\"elType\":\"column\",\"settings\":{\"_column_size\":100},\"elements\":[{\"id\":\"83d4f9b\",\"elType\":\"widget\",\"settings\":{\"title\":\"Le mat\\u00e9riel et les outils \\u00e0 \\nvotre disposition\"},\"elements\":[],\"widgetType\":\"heading\"},{\"id\":\"f7b5344\",\"elType\":\"widget\",\"settings\":{\"image\":{\"url\":\"http:\\\/\\\/fablorn.net\\\/wp-content\\\/uploads\\\/2019\\\/11\\\/3D.jpg\",\"id\":130},\"caption_source\":\"attachment\"},\"elements\":[],\"widgetType\":\"image\"},{\"id\":\"29bc00e\",\"elType\":\"widget\",\"settings\":{\"image\":{\"url\":\"http:\\\/\\\/fablorn.net\\\/wp-content\\\/uploads\\\/2019\\\/11\\\/decoupe_laser-scaled.jpg\",\"id\":107},\"caption_source\":\"attachment\"},\"elements\":[],\"widgetType\":\"image\"},{\"id\":\"ca9422d\",\"elType\":\"widget\",\"settings\":{\"image\":{\"url\":\"http:\\\/\\\/fablorn.net\\\/wp-content\\\/uploads\\\/2019\\\/11\\\/pole_electronique.jpg\",\"id\":103},\"caption_source\":\"attachment\"},\"elements\":[],\"widgetType\":\"image\"},{\"id\":\"5327779\",\"elType\":\"widget\",\"settings\":{\"image\":{\"url\":\"http:\\\/\\\/fablorn.net\\\/wp-content\\\/uploads\\\/2019\\\/11\\\/robot-2.jpg\",\"id\":190},\"caption_source\":\"attachment\"},\"elements\":[],\"widgetType\":\"image\"},{\"id\":\"c6b0039\",\"elType\":\"widget\",\"settings\":{\"image\":{\"url\":\"http:\\\/\\\/fablorn.net\\\/wp-content\\\/uploads\\\/2019\\\/11\\\/Cameo_Sawgrass.jpg\",\"id\":102},\"caption_source\":\"attachment\"},\"elements\":[],\"widgetType\":\"image\"},{\"id\":\"52cb107\",\"elType\":\"widget\",\"settings\":{\"image\":{\"url\":\"http:\\\/\\\/fablorn.net\\\/wp-content\\\/uploads\\\/2019\\\/11\\\/machine-scaled.jpg\",\"id\":170},\"caption_source\":\"attachment\"},\"elements\":[],\"widgetType\":\"image\"},{\"id\":\"3f3303d\",\"elType\":\"widget\",\"settings\":{\"image\":{\"url\":\"http:\\\/\\\/fablorn.net\\\/wp-content\\\/uploads\\\/2019\\\/11\\\/presse-scaled.jpg\",\"id\":106},\"caption_source\":\"attachment\"},\"elements\":[],\"widgetType\":\"image\"},{\"id\":\"fbf6f6e\",\"elType\":\"widget\",\"settings\":{\"image\":{\"url\":\"http:\\\/\\\/fablorn.net\\\/wp-content\\\/uploads\\\/2020\\\/05\\\/sableuse-.jpg\",\"id\":644},\"image_size\":\"1536x1536\",\"caption_source\":\"attachment\"},\"elements\":[],\"widgetType\":\"image\"}],\"isInner\":false}],\"isInner\":false}]","_elementor_page_settings":{"hide_title":"yes"},"_elementor_css":{"time":1678927581,"fonts":[],"icons":[],"dynamic_elements_ids":[],"status":"file","0":""},"_wpas_done_all":null,"ocean_sidebar":"0","ocean_second_sidebar":"0","ocean_disable_margins":"enable","ocean_display_top_bar":"default","ocean_display_header":"default","ocean_center_header_left_menu":"0","ocean_custom_header_template":"0","ocean_header_custom_menu":"0","ocean_menu_typo_font_family":"0","ocean_disable_title":"default","ocean_disable_heading":"default","ocean_disable_breadcrumbs":"default","ocean_display_footer_widgets":"default","ocean_display_footer_bottom":"default","ocean_custom_footer_template":"0","_elementor_controls_usage":{"heading":{"count":1,"control_percent":0,"controls":{"content":{"section_title":{"title":1}}}},"image":{"count":8,"control_percent":1,"controls":{"content":{"section_image":{"image":8,"caption_source":8,"image_size":1}}}},"column":{"count":1,"control_percent":0,"controls":[]},"section":{"count":1,"control_percent":0,"controls":[]}},"_oembed_8479042a1480d3b76287d7d9f2b6ae70":null,"_elementor_page_assets":null,"_links":{"self":[{"href":"https:\/\/www.fablorn.net\/index.php\/wp-json\/wp\/v2\/pages\/129"}],"collection":[{"href":"https:\/\/www.fablorn.net\/index.php\/wp-json\/wp\/v2\/pages"}],"about":[{"href":"https:\/\/www.fablorn.net\/index.php\/wp-json\/wp\/v2\/types\/page"}],"author":[{"embeddable":true,"href":"https:\/\/www.fablorn.net\/index.php\/wp-json\/wp\/v2\/users\/1"}],"replies":[{"embeddable":true,"href":"https:\/\/www.fablorn.net\/index.php\/wp-json\/wp\/v2\/comments?post=129"}],"version-history":[{"count":23,"href":"https:\/\/www.fablorn.net\/index.php\/wp-json\/wp\/v2\/pages\/129\/revisions"}],"predecessor-version":[{"id":1059,"href":"https:\/\/www.fablorn.net\/index.php\/wp-json\/wp\/v2\/pages\/129\/revisions\/1059"}],"wp:attachment":[{"href":"https:\/\/www.fablorn.net\/index.php\/wp-json\/wp\/v2\/media?parent=129"}],"curies":[{"name":"wp","href":"https:\/\/api.w.org\/{rel}","templated":true}]}}